 + -5*(2 - 3). Suppose w = r*p + 1. What is the units digit of p?
2
Let v(n) = -5*n**2 - 15. Let g(r) = -9*r**2 - r - 31. Let b(u) = -4*g(u) + 7*v(u). What is the hundreds digit of b(-14)?
1
Let u = 500 - 33. What is the hundreds digit of u?
4
Let o(r) = 20*r + 77. What is the hundreds digit of o(11)?
2
Suppose 2*c + 272 = -166. Let v = 319 + c. What is the tens digit of v?
0
Suppose 0 = -4*d - 7*r + 3*r + 8, 2 = r. Suppose d = m - 2. What is the units digit of m?
2
Let d be ((-4)/(-6))/2*43*3. Let f = 0 - 6. Let y = d - f. What is the tens digit of y?
4
Let o = -71 - -71. Suppose -3*g = 3*j - 0*j - 486, o = g - 4*j - 137. What is the hundreds digit of g?
1
Suppose -564*j + 43288 = -550*j. What is the hundreds digit of j?
0
Suppose 5*h + 11*h - 19536 = 0. What is the hundreds digit of h?
2
What is the units digit of ((-1260)/30)/(0 - 2)?
1
Let l = -5 - -13. Suppose -2*f - 12 = -l*f. What is the units digit of f + 8 + -5 + 2?
7
Let r(i) = -i + 12. Let w be r(9). Suppose -12 = -y + 2*b, -w*y + 60 = 2*y - b. Let x = y + 22. What is the units digit of x?
4
Let k(q) = -q**2 + 4. Let i be k(0). Suppose 0 = -i*z + 5*a + 83 + 48, 142 = 3*z + 5*a. What is the units digit of z?
9
What is the tens digit of (4 + -1372)/(-3) + 0 + -4?
5
What is the hundreds digit of -12 - -9 - -1 - (-1 - 4722)?
7
Suppose -5*p + 11025 = d - 5817, -2*p + 6734 = -d. What is the hundreds digit of p?
3
Let y be ((-9)/(-6))/((-7)/56). Let k = 9 - y. What is the tens digit of k?
2
Let n(c) = -67*c - 2. Let t be n(2). Let o = 201 + t. What is the units digit of o?
5
Let t = -14 - -16. Suppose t*a - 2*v = 462, -4*v + 54 = 2*a - 438. What is the units digit of a?
6
Suppose 4*z - 54 = -4*p + 18, 0 = 3*z - 5*p - 14. Suppose 43 - z = 5*b. Suppose -b*s = -s - 20. What is the units digit of s?
4
Suppose -5*c = -17 + 7. Suppose 6*g - c*g = 332. What is the units digit of g?
3
Suppose 4*j - 4 + 16 = -2*p, 12 = -j - 5*p. Let x(c) = c**2 - 2. Let o be x(j). Suppose l + o = 0, -v + 5*l + 46 = 3*v. What is the units digit of v?
9
Let q(d) = -15*d - 15. Let v be q(-13). Let n = -95 + v. What is the tens digit of n?
8
Suppose 5*i = 2 + 28. Suppose -198 = 9*b - i*b. Let s = 93 + b. What is the tens digit of s?
2
Let z(a) = 5*a**2 - a. Let v be z(1). Let m(i) = i**3 - 5*i**2 + 5*i. Let n be m(v). Let y(f) = 12*f + 3. What is the units digit of y(n)?
1
Suppose 361 = 4*r - 131. What is the hundreds digit of r?
1
Let u = 72 - 60. What is the units digit of (10*2 - 2) + u/4?
1
Let r = -4 - -21. What is the hundreds digit of (15 + -1)/(r/170)?
1
What is the hundreds digit of (874/(-76))/(-2*(-1)/(-92))?
5
Suppose -63*j + 61*j = -2320. What is the hundreds digit of j?
1
Suppose -w - 5 = -4. Let f = 8 + w. Suppose -f*a = -6 - 253. What is the units digit of a?
7
What is the tens digit of (3352/10)/((-17)/((-85)/2))?
3
Let b = -8 + 10. Suppose -b*y = -y - 86. What is the units digit of y?
6
Let w(f) = 968*f - 84. What is the tens digit of w(3)?
2
Suppose -64 = -5*z + 2*p + 177, 106 = 2*z + 4*p. What is the units digit of z?
9
Let a(t) = -33*t**3 + t**2 + 2*t + 1. Let g be a(-1). Let f = g - 23. Suppose 4*u = f*u - 30. What is the units digit of u?
5
Let g(f) = 15*f**3 + 4*f**2 - 2*f + 7. What is the units digit of g(3)?
2
What is the thousands digit of ((-23765)/(-20) + 0)/(2/8)?
4
Let i(t) = -t - 8. Let y(b) = 2*b + 24. Let x(j) = -8*i(j) - 3*y(j). Suppose 0 = 4*d - 4*q - 4 - 8, -4*q = d - 28. What is the units digit of x(d)?
8
Let j = 6752 - 3225. What is the tens digit of j?
2
What is the hundreds digit of (627 + -1)*105/30 + 3?
1
What is the hundreds digit of -58*-1*(14 - 2)?
6
Suppose -8 = 4*m - y, -3*y - 25 = 3*m - 4. Let h be (46/(-3))/(m/(-9)). Let k = 77 + h. What is the units digit of k?
1
Let w(f) = 6 - 7*f - 8*f - 8 - 1. Let z = 4 - 6. What is the tens digit of w(z)?
2
Let k(w) = 2 - 4*w + 4*w + 3*w - w**2 + w. Let q be k(4). Suppose -5*a + 310 = -n, -5*a + 3*n + 174 = -q*a. What is the tens digit of a?
6
Let q(x) = x**2 - 5*x - 29. Let v be q(9). Suppose v*l - 135 = 6*l. What is the tens digit of l?
3
Let z = -12 - -69. Let p = z + -10. What is the tens digit of p?
4
Let p = 129 - 81. Suppose 6*a - p = 42. Suppose 0 = 5*i - a - 235. What is the units digit of i?
0
Let s(p) = 10*p + 5. Let u(y) = -29*y - 17. Let m(w) = 8*s(w) + 3*u(w). Suppose -5 = x - 0*x. What is the units digit of m(x)?
4
Let z = 105 + -3. Suppose 5*l - z = 423. What is the hundreds digit of l?
1
Suppose 14 = -4*k + 5*k. Suppose -5*b - 4*v - 70 = 0, -b - 4*v = -2*b - k. What is the tens digit of (9/(-6) + -2)*b?
4
Let x(y) be the second derivative of -y**3/6 + 9*y**2 + 11*y. Let d be x(14). Suppose z - 27 = d*w, z - 6*z - 4*w + 39 = 0. What is the units digit of z?
1
Suppose 2*f - 3 = f. Suppose 0 = 2*z - z + 2*g - 70, -f*g = 2*z - 135. What is the tens digit of z?
6
Suppose 0 = 8*d + 4*d - 36. Suppose -8 = d*h + 7, 0 = 3*o + 2*h - 431. What is the tens digit of o?
4
What is the tens digit of 3 + 1 + (-1 - -728)?
3
Let h be 2*3 - (12 + -8). Suppose 0 = h*k - 4*o + 8, -4*o = -3*o. What is the tens digit of (-15)/10 + (-154)/k?
3
Let k = 9234 + -6281. What is the tens digit of k?
5
Let k = 10 + -4. Suppose k*y = 55 + 23. What is the units digit of y?
3
Let r(t) = 35*t + 97. What is the units digit of r(15)?
2
What is the tens digit of (-26)/(3 + 800/(-265))?
7
Let d = 392 - 59. Suppose 4*v - v - 2*n = d, -3*n - 333 = -3*v. What is the units digit of v?
1
Suppose 3*t - 5413 - 4327 = -2*k, 0 = -4*t - 5*k + 12996. What is the units digit of t?
4
Suppose 0 = -x + 125 - 23. Let g = 242 - x. What is the hundreds digit of g?
1
Suppose 426 = 2*o + o. Suppose -2*s - s + 2*i = -o, -2*i = -5*s + 230. What is the tens digit of s?
4
Let k(s) = 3*s + 20. Let y be k(-5). Suppose 34 = 2*b + 3*b + 2*d, -2 = -b - 2*d. Suppose y*r - 33 = -b. What is the units digit of r?
5
Let r = -387 + 695. What is the hundreds digit of r?
3
Suppose v - 75 = -2*v. Let s = -113 + 94. Let c = v + s. What is the units digit of c?
6
Let k(u) = -u - 1. Let a be k(-4). Suppose -45 = -0*x - a*x - f, -3*x + f + 51 = 0. What is the units digit of x?
6
Let w(o) = 98*o - 262. What is the units digit of w(31)?
6
Let c(f) be the first derivative of -f**4/4 + 10*f**3/3 + 10*f**2 + 49. What is the tens digit of c(10)?
0
Let j(f) = -5*f - 15. Let l be j(-14). Let i be (-2 + l)*(2 - 1). Let a = 86 - i. What is the units digit of a?
3
Let s be 3/(-3 - -6) - 170. Let u = s + 238. What is the tens digit of u?
6
Let i = 31 - 33. What is the tens digit of (-1203)/(-12) - i/(-8)?
0
Suppose 1 = 2*x + 3. Let t = 14 + x. What is the units digit of t?
3
Suppose -4755 = -5*s + 5*b, -5*b = -s + 2*s - 957. What is the hundreds digit of s?
9
Suppose 5*n = 6*n - 4. What is the tens digit of (18/n)/(6/20)?
1
Suppose -1 - 5 = -3*i + 3*z, -i - 5*z - 4 = 0. Let y(j) = 0 - 4 - 1 + i - 3*j. What is the tens digit of y(-7)?
1
Suppose -33*d + 13*d + 65040 = 0. What is the tens digit of d?
5
What is the tens digit of (35/(-4))/(-7) - (-8869)/28?
1
Let f be ((-108)/(-2) - -3) + 3. Suppose 4*l = -3*g + 26 + f, -4*g + 100 = -2*l. What is the tens digit of g?
2
Let x = -72 + -102. Let i = x - -366. What is the tens digit of i?
9
Let u(i) = i**2 + 2*i + 6. Let c be u(6). Suppose c = 3*s + 3*b + 21, 4*s = -b + 38. Let h(n) = -n**3 + 8*n**2 + 9*n + 13. What is the units digit of h(s)?
3
Let v be -6*3/6 + 4. Suppose -2*h - 1 = -2*c + 1, -2*c + 11 = h. What is the tens digit of 20 + v + -8 + c?
1
Let o be 9*(3 - (-22)/(-6)). What is the tens digit of o/(-4) + 785/10?
8
Suppose -4*j + 4886 = 2*x, 4*x - 6100 = -21*j + 16*j. What is the hundreds digit of j?
2
Let v be ((-6)/(-10))/(-1) - 2/5. What is the units digit of 17*v*(-3)/(-6)*-2?
7
Let o be (6/(-4))/(15/(-50)). Suppose o = 4*l - 7. Suppose 127 = l*s - g, -5*s + 2*g = -2*g - 221. What is the tens digit of s?
4
Let i(d) be the second derivative of -d**5/20 - d**4/2 + 5*d**3/3 + 5*d**2 - 8*d. What is the tens digit of i(-8)?
5
What is the units digit of (-2 + (-782)/4)*72/(-60)?
7
Suppose j = -j + 6. Suppose -j*i + 539 = 4*i. What is the tens digit of i?
7
Suppose -3*c + 0*c + 3*x + 90 = 0, 3*c + 2*x - 95 = 0. Let j = -46 - -29. Let p = c + j. What is the units digit of p?
4
Suppose -3*c = k - 16458, -9 = -14*k + 11*k. What is the thousands digit of c